ive of -17*b**6/240 + 23*b**5/60 + 13*b**4/12 - 30*b. Let v(i) be the third derivative of n(i). Is v(-9) a prime number?
False
Let o(l) = -98*l + 65. Let d be o(-2). Let f = d + -208. Is f prime?
True
Let q = 40484 + -2133. Is q a composite number?
False
Let r = 238 - 654. Let h = 835 + r. Is h a prime number?
True
Let g = -230 - -234. Is -3622*(-2 + (-33)/(-6) - g) a prime number?
True
Let l(i) = 3651*i + 5093. Is l(26) a prime number?
True
Let v = 1613 - -152. Let i = v - 841. Suppose -i = -2*h - 334. Is h a prime number?
False
Let t = -411 + 759. Suppose -34000 = 116*j - 121*j + 5*g, -j + 2*g = -6804. Suppose v - 5*z + t = j, 0 = -3*z - 9. Is v a composite number?
True
Is (-104039326)/(-171) - 10/90 a prime number?
False
Suppose -3*f = 4*f - 29554. Is ((-9 - -3) + 10)*f/8 composite?
False
Suppose 0 = -12*c + 20*c - 52512. Suppose -9*t + 30723 + c = 0. Is t composite?
True
Let q(k) = -k**3 + 16*k**2 + 21*k - 67. Let i be q(17). Let d(u) = 12067*u**2 + 11*u - 1. Is d(i) composite?
True
Let j = -30824 + 146547. Is j composite?
True
Let o(h) be the second derivative of 5*h**4/4 - 2*h**3/3 - 3*h**2/2 + 89*h - 2. Is o(-2) composite?
True
Suppose 2677*h - 2565*h - 44320976 = 0. Is h a prime number?
False
Let v(r) = -7*r - 36. Let k be v(-5). Let x be ((-4)/3)/((-3027)/(-3033) + k). Is 4/8*-2 + x a prime number?
True
Let n(q) = 11*q + 1. Let s be n(1). Suppose s*y - 13826 - 6994 = 0. Is y a composite number?
True
Let t(m) = 12*m**3 + 14*m**2 - 3*m - 63. Let u(w) = 7*w**3 + 8*w**2 - 2*w - 32. Let j(v) = 3*t(v) - 5*u(v). Is j(18) a prime number?
True
Let d(a) be the second derivative of 0 + 44*a - 29/20*a**5 + 1/3*a**3 + 2*a**2 - 1/3*a**4. Is d(-3) composite?
True
Is (4/6)/(19 - (-165136862)/(-8691414)) a prime number?
True
Is 4172/894 - 193183/(-3) a composite number?
False
Suppose -h - 2*a + 0*a = 3, 0 = 4*h - 4*a. Is (h - 26307/(-6))/(25/50) a prime number?
False
Let y(j) = -52*j - 5476. Let q be y(-104). Let t(p) = -137*p. Let h be t(-1). Let f = h + q. Is f a prime number?
False
Let x(y) = 81*y - 807. Let g be x(10). Suppose -2*h = -5*h + 4*a + 182, 2*h - a - 128 = 0. Suppose 0 = -4*j - 20, h = -l + g*l + 2*j. Is l a prime number?
False
Let d = -77 - -87. Let i be (35/d)/((-2)/4 - -1). Let b(u) = u**3 + u**2 + 11*u. Is b(i) prime?
False
Suppose 20*y = -37 - 3. Is 1*(1007 + y) - -6 composite?
True
Suppose 2*d - 117164 = -3*s + 6*s, -5*s = d - 58621. Is d a prime number?
False
Suppose 342187 = 22*o - 534051. Let n = o - 15778. Is n a prime number?
False
Suppose -3*h - 556465 - 21451 = -4*u, 3*u - 433379 = -5*h. Is u prime?
False
Suppose 0 = -4*v - 5*f + 3*f + 107568, -v - 2*f + 26895 = 0. Is v a prime number?
True
Let p = -43710 + 79321. Is p prime?
False
Suppose 3*n = 2*n - 9235. Let d(m) = -m**3 - m**2 + 2*m + 1. Let j be d(-1). Is n/10*j*2 a prime number?
True
Let a = 51317 + -33532. Suppose -111*y + 106*y = -a. Is y a composite number?
False
Is (3 + -11 - -7) + 145479 a prime number?
False
Let j(p) = 135*p - 12. Suppose -4*k - 3*v - 8 = -59, 0 = -v + 5. Is j(k) prime?
False
Suppose 114*m - 234835018 = -56*m - 56*m. Is m composite?
True
Suppose -5855865 = -72*p + 29*p + 9552368. Is p prime?
True
Let c(s) = -91444*s + 1199. Is c(-3) prime?
True
Let a be -3 + -14*5/10. Let z = a - -30. Suppose -z*m = -16*m - 412. Is m prime?
True
Let o(s) = 48*s**3 - 6*s**2 + 7*s - 4. Let b be 2/4*-2*(6 - -7). Let n be (20 + b + 1*2)/3. Is o(n) composite?
False
Let k = 84040 - -7687. Is k a prime number?
False
Let m(j) be the third derivative of -1/60*j**6 + 2/3*j**3 - 2/15*j**5 + 0*j + 14*j**2 + 0 - 1/3*j**4. Is m(-5) prime?
False
Suppose 0 = -594*k + 583*k + 58498. Let u = 6543 + k. Is u prime?
False
Suppose 0 = -31*v - 443861 + 1675987. Is (-20)/(-24) + v/12 prime?
True
Let s = -5 + 5. Suppose 12*q = 14*q + 2*t - 30, 2*t = 2*q - 22. Suppose 8*f - q*f + 2425 = s. Is f a prime number?
False
Let h be -4*13/14 + (-14)/49. Let b be 2 + (155 - (0 - h)). Let f = b + 109. Is f a composite number?
True
Suppose 9 = 3*f - 0, 6458 = p - 2*f. Suppose v - 5*h - 2178 = 0, v - 4*v + h = -p. Is v prime?
True
Let u(q) = 3*q + 49. Let b be u(2). Suppose -38899 = -b*m + 48*m. Is m prime?
True
Suppose 3*b - 73 = 4*x, 2*b = x - 4*x + 26. Suppose -b*u + 11*u = -146824. Is u a prime number?
True
Suppose -h + w - 2*w = -98731, 0 = -4*h + w + 394914. Is h prime?
True
Suppose -5*v = -5*x - 20 - 25, -v - 3*x + 29 = 0. Let o = 7638 - 2285. Suppose -v*l + o = -3817. Is l a prime number?
False
Suppose 240 = 9*b + b. Let q be 441/b + (-3)/8. Suppose 0 = -q*g + 19*g - 2127. Is g a composite number?
True
Let q = 114635 - 32572. Is q composite?
True
Suppose 0 = 3*m + 2*g - 48109, 1127 = 3*m + 5*g - 46997. Is m a composite number?
False
Suppose -5*f + o - 5 + 16 = 0, -2*f + 5*o = 14. Let y = -3568 + 10201. Suppose -4*p + y = -w, -5*p + f*w + 1742 + 6551 = 0. Is p prime?
False
Suppose -5*n + 35520 = 4*m, 2*m - n - 3527 = 14247. Is m prime?
False
Let v = 1092 + -706. Let q = v + -243. Let y = 6 + q. Is y a prime number?
True
Suppose -s - 14598 = 3*z, s - 7157 = z - 2295. Let g = -2038 - z. Is g a composite number?
True
Let y = -6851 + 10798. Let a = y - 2685. Suppose 3*t - 5*f - 268 = 484, -4*f = -5*t + a. Is t prime?
False
Let x = 3052 + 1148. Suppose 5*u = -3*k + 27836, -k - 3*u + 5080 = -x. Is k prime?
True
Suppose 445*r = 444*r + 4372. Let p = -2406 + r. Is p a composite number?
True
Suppose -12*g - 5 = -7*g - 5*l, 0 = 3*g + 2*l - 17. Suppose 0 = -o - p + 4*p + 14932, -74624 = -5*o + g*p. Is o composite?
False
Let w = 286 - 283. Let z(v) = 352*v**2 + v + 10. Is z(w) a prime number?
True
Let s = 352 + -364. Let p be -1*1/(-3)*177. Let x = p + s. Is x prime?
True
Let s = -2826 - -5003. Is s a prime number?
False
Suppose -10*j + 50157 = 3*w - 13*j, -6 = -2*j. Let k = w + 1901. Is k prime?
False
Let b(k) = 13*k**2 - k + 2. Suppose 5*q - 190 = -0*q + 4*p, -2*p = -10. Let n = q - 41. Is b(n) composite?
True
Let q(a) = 544*a + 319. Is q(7) composite?
False
Let k(q) = 15*q**2 - 5*q - 3. Suppose -5*j + 0*w = -5*w + 100, -3*j = -2*w + 55. Let f be (24/j - 0/4)*-5. Is k(f) prime?
False
Suppose 0 = 5*z + v - 5*v - 6209, 0 = 4*z + 2*v - 4962. Suppose -8*u - z = -8257. Is u composite?
False
Suppose 3 = 32*c - 31*c. Suppose -3*a = 3*k - 12900, -3*a + 0*a = -c*k + 12918. Is k a prime number?
False
Let l(a) = -6*a**3 - 4*a**2 + a + 22. Let b be l(-8). Suppose -u - 669 = -b. Is u a prime number?
True
Let o = 19112 - 8407. Is o a composite number?
True
Let z(d) = d**2 + 10*d - 21. Suppose -35*n - 60 = -30*n. Let k be z(n). Suppose -631 = 2*m - 3*m + y, k*m + 3*y = 1881. Is m composite?
True
Suppose 0 = -4*l - 4*a + 20, 5*l + 1 = 4*a - 1. Suppose l*d + 767 = 26193. Is d a prime number?
True
Is (-7)/14*(-34)/(-51) - 415498/(-3) a composite number?
True
Suppose 91*n - 938666 - 1043543 = -17792. Is n composite?
False
Suppose -53 = -14*t - 11. Suppose t*f + 204090 = 33*f. Is f a prime number?
True
Let a(n) = 139*n**3 + n**2 + 13*n + 20. Let m be a(-4). Let f = 17403 + m. Is f a prime number?
False
Suppose -38*s = -23668530 - 6563396. Is s prime?
False
Let n be (4/((-4)/(-1)))/((-4)/4). Is (-146268)/(-48) - n/(-4) composite?
True
Let q = 12 - 8. Suppose -2*b + m + 48330 = 0, q*m = -2*b + 27733 + 20607. Suppose 40286 = 5*j - d, -j - 5*d + b = 2*j. Is j a composite number?
True
Let d = -46 - -54. Is 0 + d + -10 - -4129*1 a composite number?
False
Let g(i) = -350*i - 4. Let a be g(12). Let f = -1407 - a. Is f a prime number?
True
Let q(d) = -1248*d + 81. Let v(p) = -1248*p + 80. Let s(r) = 5*q(r) - 6*v(r). Is s(7) composite?
True
Let r = -13158 - -30044. Let j = 24879 - r. Is j prime?
True
Let n be (1 + (-102)/(-9))/(6/(-18)). Let c = 39 + n. Suppose 0 = 2*b - 3*p - 226, 4*b + c*p - 456 = 7*p. Is b prime?
False
Suppose 223*v = 226*v - 12. Is 46 + v - (2 + -1 - 0) a prime number?
False
Let h(t) = t**3 - 23*t**2 + 19*t - 8. Let c(f) = 2*f**3 + f - 1. Let m(u) = c(u) - h(u). Is m(-17) prime?
False
Let p(d) = 9839*d - 884. Is p(5) prime?
True
Is 171013 - 20 - (-4 - -20) composite?
True
Is -1 - -510196 - (-157 + 171) prime?
False
Suppose -9*d + 622 = -1565. Let c = d + 1936. Is c a prime number?
True
Is (-632466)/(-11) + (55/121)/5 composite?
True
Let a(x) = -8921*x + 923. Is a(-8) composite?
True
Is ((-2)/4)/(-6 - (-223